) + 5*r(o). List the prime factors of p(-9).
79
Let t = 8 + -3. Let d = -214 - -439. Suppose -270 = -5*c - s - 3*s, 0 = 5*c - t*s - d. What are the prime factors of c?
2, 5
Let j(o) = 12*o**2 + 11*o - 2. Let g be j(-6). Suppose 2*t + 0*v + 2*v - g = 0, v - 548 = -3*t. Let h = t + -122. What are the prime factors of h?
61
Suppose 5*b = 5*u + 10, -5*b = 4*u - b - 24. Suppose -2 = u*d - 10. Suppose d*v - 2 = x + 5, -2*v = 5*x - 53. What are the prime factors of x?
3
Let s = -4 + 0. List the prime factors of 234/s*(-40)/15.
2, 3, 13
Let m = -989 + 2871. What are the prime factors of m?
2, 941
Let q be ((-26)/5)/(5 - (-54)/(-10)). Let n(s) = s**3 - 13*s**2 + 10*s + 68. What are the prime factors of n(q)?
2, 3, 11
Let p be (-12)/15 - 95/(-25). Suppose 11 = 4*w + p. Suppose 66 = 2*h - 2*l, 4*h + w*l - 157 = -55. What are the prime factors of h?
2, 7
Suppose -30 = -11*p + 8*p. Let k(w) be the second derivative of -w**4/12 + 5*w**3/2 - 9*w**2/2 + w. List the prime factors of k(p).
41
Let b = 592 - 154. Suppose -525 = -9*p + b. What are the prime factors of p?
107
Suppose 3555 = -95*f + 100*f. List the prime factors of f.
3, 79
Let h(g) = -21*g - 29. Let j be h(-9). Suppose -f = -57 - j. List the prime factors of f.
7, 31
Let d(u) = -34*u - 2. Let q be d(-1). Let o be (-4)/(-6) + q/(-12). Let l = o - -24. What are the prime factors of l?
2, 11
Suppose -15*a - 17*a = -19680. List the prime factors of a.
3, 5, 41
Suppose -2*v + 1882 = 3*l, -l - 4722 = -7*v + 2*v. What are the prime factors of v?
2, 59
Let s(l) = -3*l**3 - l**2 + 14*l + 5. Let z be s(-4). Suppose -u + 2*n = -39, -3*u - 4*n + z = -6*n. List the prime factors of u.
43
Let o(d) = d**2 - 9*d + 10. Let v be o(10). Suppose -v*t + 276 = -16*t. List the prime factors of t.
3, 23
Let w = -3 - 1. Let k be (-9)/(-2) + 6/w. Suppose t + 68 = k*c, -4*c + 0*c = 5*t - 59. What are the prime factors of c?
3, 7
Let s(p) = -p**2 + 16*p + 25. Let w be s(15). Let i(k) = k**3 + 9*k**2 + 2*k - 4. Let n be i(-9). Let v = w + n. What are the prime factors of v?
2, 3
Let g = 10 - 9. Let f be g/4 + (-38)/(-8). Suppose 0 = -0*c + 2*c - 4*q - 44, 4*c - 91 = f*q. List the prime factors of c.
2, 3
Suppose 20 = 5*o, 0*o + 2*o - 11 = -3*z. Let g(l) = 28*l**2 + 5 - 6 + 34*l**2. What are the prime factors of g(z)?
61
Suppose 2*t = -5*p + 15, -5*p = -5*t - 0*p - 15. Suppose 3*c = -t*c - 5*s + 6, 0 = -2*c + 5*s + 29. What are the prime factors of c?
7
Let i be 20/15*3 - 49. Let d = -26 - i. Suppose -24*h + d*h = -410. What are the prime factors of h?
2, 41
Let r = -748 + 506. Let g = -145 - r. List the prime factors of g.
97
Suppose -3*l + 11 - 5 = 0. Suppose -4*s + j + 15 = 0, 3*j + 21 = l*s + 2*s. Suppose -15 = -w - 4*u + s*u, 8 = -2*u. What are the prime factors of w?
19
Let d(c) = 8*c**2 + 3*c. Let a(u) = -u + 2. Let b be a(-3). Let v(l) = -9*l**2 - 4*l. Let q(m) = b*d(m) + 4*v(m). What are the prime factors of q(2)?
2, 7
Let i be 1/(-4) + (-247)/4. Let g = i + 87. What are the prime factors of g?
5
Let y(k) = k**2 + k - 9. Let m be y(-4). Suppose 0 = d + m*d. Suppose d = 2*r + 3*r - 225. List the prime factors of r.
3, 5
Let v(h) = h**2 - 8*h - 15. Suppose -3*s + 30 + 3 = 0. Let d be v(s). Suppose -d = -3*k + 63. List the prime factors of k.
3
Let k be (1/2)/((-2)/516). List the prime factors of (-5 - k)*(-2)/(-8).
31
Suppose -4 = -r + 2*o - 2, 2*r + 2*o + 8 = 0. Let p(f) = -35*f + 9. List the prime factors of p(r).
79
Suppose 2*k = 5*x - 65 + 553, -5*k - 4*x + 1187 = 0. What are the prime factors of k?
239
Let x(y) = -4*y**2 + 8*y - 4. Let q(a) = 5*a**2 - 9*a + 5. Let r(n) = -3*q(n) - 4*x(n). What are the prime factors of r(12)?
5, 17
Let w = 1 - 1. Suppose w = 3*m - m + 4*a - 34, -5*m - a + 121 = 0. Suppose -m = -3*g + 11. List the prime factors of g.
2, 3
Suppose -3 = b, 5*h - 7*h + 4*b = -12. Suppose h = 4*i - 334 - 58. List the prime factors of i.
2, 7
Let x(f) = 38*f + 11. Let l be x(-8). Let t = -193 - l. Suppose -k = 4*k - t. What are the prime factors of k?
2, 5
Suppose -3*w = 2*k - 4*k + 4, -w + 5*k - 10 = 0. Suppose w = -x + 2 + 12. What are the prime factors of x?
2, 7
Suppose -3*d + 624 = -2*k - 2*k, 4*d - 3*k = 839. Let m = d - 85. What are the prime factors of m?
127
Let y(a) = -5*a**3 + 4*a**2 - 10*a - 3. List the prime factors of y(-5).
2, 193
Suppose -2*p - 2*p = 0. Suppose -405 = -5*b - p*b. Suppose -3*x - b = -2*l, -3*l + l + 2*x = -82. What are the prime factors of l?
2, 3, 7
Suppose 3*f - 6 = -0*f. Suppose k - g = f*g + 16, -g = 4. What are the prime factors of k/(-6) - (-356)/12?
29
Suppose 4*w + 4*x = 20, w - 6*x + x + 19 = 0. Let m be ((-1)/w - 2) + 2. Let z(d) = -12*d**3 - 2*d - 1. What are the prime factors of z(m)?
13
Suppose -b + 2 = 14. What are the prime factors of b/7*210/(-12)?
2, 3, 5
Suppose 5*i = -5*h + 875, -5*i + 559 + 318 = 3*h. Let o = i + -81. What are the prime factors of o?
5, 19
Let t(d) = -d + 12. Let x be t(9). Suppose 3*m + 10 + 14 = x*u, 0 = -3*u + m + 20. List the prime factors of u.
2, 3
Suppose j + 4110 = 4*j. Suppose 7*o = 3491 - j. What are the prime factors of o?
3, 101
Suppose 0*o + o = -38. Let y = -27 - o. List the prime factors of 1/(((-5)/y)/(-5)).
11
Suppose -32*m - 33448 = -69*m. What are the prime factors of m?
2, 113
Let n(p) = -p**3 + 9*p**2 - 7*p - 5. Let m be n(8). Suppose d - 1 = m. Suppose -5*b - 2*a = a - 105, -5*b = d*a - 100. What are the prime factors of b?
2, 3
Let j = 1639 + 1624. What are the prime factors of j?
13, 251
Let q = 42 + -38. Let l(h) = 4*h**2 + 7*h - 10. List the prime factors of l(q).
2, 41
Let m(u) = -813*u**3 + 3*u**2 - u - 3. List the prime factors of m(-1).
2, 11, 37
Let k be 1*(4/(-2) + 4). Suppose 5 = w, 78 = -k*s + 6*w - 4*w. Let f = s - -48. List the prime factors of f.
2, 7
Let q(r) = 62*r. Suppose 3 = z - t, 4*t - 6 = -2*z + 6. Suppose -4*k + 6*k + z*m = 10, 0 = -2*k + 4*m - 6. List the prime factors of q(k).
2, 31
Let n = 24 - 9. Suppose -19 = 3*k - 5*h, 5*k - 2*h = -3*h + n. Suppose k*s = 3*s - 22. What are the prime factors of s?
2, 11
Suppose 28 = 2*c - j + 5*j, 2*c = 3*j - 7. Suppose -6 - c = -k. Suppose -k*r = -9*r - 16. What are the prime factors of r?
2
Suppose -4*d = 2*w + 84, -2*w - 100 = -2*d - 10. Let x = 114 - w. What are the prime factors of x?
2, 79
Suppose 14 = 2*o + 6. Suppose 0*i + o = 2*i. Suppose -c + 1 = v, 0 = 5*v - i*v - 5*c - 11. What are the prime factors of v?
2
Let w(m) = -18*m + 24. Let h be w(10). Let u be (h/16)/(9/(-24)). Suppose r + 4 = u. List the prime factors of r.
2, 11
Let d = -11 - -20. Let n = d - 6. Suppose 0 = -0*f + n*f - 15. What are the prime factors of f?
5
Let x = 5 - 1. Suppose -u + 4*g = -12, 2 - 11 = -2*u + 3*g. Suppose x*c = -u*c + 44. What are the prime factors of c?
11
Suppose p = 5*w - 20, -p - 3*w - 23 = -5*w. Let o = p + 27. List the prime factors of 60/18*3/o.
5
Let z = -876 - -2054. What are the prime factors of z?
2, 19, 31
Suppose 2*y = -5*p - 3*y + 40, 3*p + 2*y - 21 = 0. Suppose 0 = -2*s - s + 186. Let h = s - p. What are the prime factors of h?
3, 19
Let x be ((-15)/2)/((-8)/16). Suppose b - 16 = -3*u, 2*u + 0*b + 5*b = x. Suppose u*s = s + 64. What are the prime factors of s?
2
Let c = 71 - 68. Suppose 0 = c*n + 7*n - 100. What are the prime factors of n?
2, 5
Let r = 204 + 24. Let c be (-1)/5 + r/15. Suppose -3*i + c = 3. What are the prime factors of i?
2
Let j(y) = y**3 + 6*y**2 + 5*y + 4. Let a be j(-5). Suppose 4*t + 3*x - 16 = -5, 0 = -5*t - a*x + 14. Suppose t*u = 15 + 9. List the prime factors of u.
2, 3
List the prime factors of (-3)/(-2) + -1 - 3565/(-10).
3, 7, 17
Suppose 7*k + 730 = 12*k. Suppose 6*a - 616 = k. List the prime factors of a.
127
List the prime factors of (-4)/(-3) - (-107150)/75.
2, 5, 11, 13
Let o = -97 + 137. Suppose 2*c + g - 35 = -2*g, 2*c = 2*g + o. What are the prime factors of c?
19
Let r(h) = 5*h**3 + 5*h**2 + 4*h + 2. Let x(m) = -m**2. Let v(z) = -r(z) + 3*x(z). What are the prime factors of v(-3)?
73
Let x = 248 + -238. What are the prime factors of x?
2, 5
Let p = 1 + -5. Suppose 3*g - 12 = -2*w + 44, 91 = 5*g + w. List the prime factors of 1398/27 - p/g.
2, 13
Suppose -2*w - 18687 = -5*m, 0 = 4*m + 4*w - 2*w - 14946. List the prime factors of m.
37, 101
List the prime factors of 24362/38 + (-4)/38.
641
Suppose g - 2*w 